nder when n(k) is divided by o.
1
Let r = -5305 - -5326. What is the remainder when 107 is divided by r?
2
What is the remainder when (-11 - -8)/((-27)/3564) is divided by 127?
15
Calculate the remainder when (-140)/(-7)*(4 + 56/(-20)) is divided by (1 - 36/9) + (19 - 6).
4
Suppose 2 + 2 = z. Let l = 14 + z. Let w(o) = 889*o**2 + 88. What is the remainder when w(0) is divided by l?
16
Let y = 22139 + -21969. Calculate the remainder when y is divided by 79.
12
Let s(i) = 14*i**2 + 14*i - 28. Let p be s(10). Suppose -5*w = -26*w + p. What is the remainder when w is divided by 16?
8
Calculate the remainder when 110 is divided by -3 - -3 - 2*(0/4 - 12).
14
Suppose -9*h - 73*h + 10086 = 0. Calculate the remainder when 451 is divided by h.
82
Let g(d) = 19*d + 28. Let j be g(6). Suppose -14 = -w + 3*f, 5*w + 5*f = -52 + j. Let u(c) = 2*c**2 - 5*c - 2. What is the remainder when u(-3) is divided by w?
14
Let z = -687 - -1332. Suppose 5*d = 2*c + 407, -55*d + 52*d - 3*c = -240. What is the remainder when z is divided by d?
78
Let i = 50 + -31. Let s = -32 - -40. Suppose 0 = s*n - 4*n - 208. What is the remainder when n is divided by i?
14
Let d(f) = 14*f**2 + 122*f + 1220. What is the remainder when d(-12) is divided by 127?
121
Suppose -5*m + 2049 = -13021. Calculate the remainder when m is divided by 58.
56
Calculate the remainder when 9772/60 - (-120)/900 is divided by 130.
33
Let g = 601 + -589. Let w(d) = 2*d**3 - 23*d**2 - d - 38. What is the remainder when w(g) is divided by 8?
6
Let f(n) = n**2 + 19*n - 3. Let j be f(-26). Let d = j - 135. Calculate the remainder when 185 is divided by d.
9
Let l = -940 + 969. Calculate the remainder when 116 is divided by 10 + -4 + -10 + l.
16
Let y be -1 - 1 - 112/(-16). Suppose 4*s + d + 74 - 181 = 0, -y*s = d - 135. Calculate the remainder when 136 is divided by s.
24
Suppose 0 = 6*j + 6*j - 36. Suppose -3*h = 4*w - j*w + 199, -3*w + 73 = -h. Let s = 125 + h. Calculate the remainder when s is divided by 10.
8
What is the remainder when ((-2)/14)/(-1*10/1190) is divided by ((-15)/(-6) - 2)*18?
8
Let a(d) = -d**3 + 4*d**2 + 2*d - 1. Let t be a(4). Let o = -13 + t. What is the remainder when 13 is divided by (-22)/o + (-8)/(-24)?
1
Let r(s) = -s**3 + 4*s**2 + 5*s. Let w be r(5). Suppose -5*b = -5*d - 40, w*b + 5 = b - 2*d. Calculate the remainder when 405/10 - (-1)/(-2) is divided by b.
7
Let b = 3759 + -3686. Calculate the remainder when 6272 is divided by b.
67
Let z = -36 - -35. Let a be (64/(-160))/(z/330). Suppose 4*c + 0*c - a = 0. Calculate the remainder when 96 is divided by c.
30
Let o = -74 + 75. Let i be o/(-5) + (-33932)/(-85). Suppose 4*t - i = d, -3*d + 204 = 2*t + d. What is the remainder when t is divided by 17?
15
Suppose 3*u - 19 = -5*w, -4*u - w + 0 + 14 = 0. Suppose -360 = 9*l - 648. Suppose -l = -2*j - 2*p + u*p, -4 = p. What is the remainder when 80 is divided by j?
10
Let p(m) = -4*m**3 + 47*m**2 + 13*m + 4. Calculate the remainder when 895 is divided by p(12).
15
Let m(j) = -31*j + 469. Let b be m(14). Let r = b - -31. What is the remainder when 188 is divided by r?
56
Suppose -5*n - 4*b + 230 = b, 3*n + b = 146. Suppose 46*r + 56 = n*r. Calculate the remainder when 137 is divided by r.
11
Suppose -4*i = -0*i - 1348. What is the remainder when i is divided by (-4924)/32006 - 1/((-26)/524)?
17
Suppose 2*j - 98 = -0*g + 3*g, 0 = -3*j + 5*g + 149. What is the remainder when j is divided by 5*(5 + (-42)/35)?
5
Suppose 0 = 45*i - 78*i + 2673. Let t(u) = -u + 12. Calculate the remainder when i is divided by t(0).
9
Let v(p) = -42*p + 23. Let g(j) = 11*j + 7 - 2*j**2 - j**3 - 20*j + 7*j. What is the remainder when v(-5) is divided by g(-4)?
45
Let j(r) = 3561*r**3 + 4 + 2 + 7*r + 6*r**2 - 3562*r**3. What is the remainder when 142 is divided by j(6)?
46
Let q = 3663 - 3602. What is the remainder when q is divided by 5?
1
Let b = -12430 - -12441. What is the remainder when 976 is divided by b?
8
Let y = 224 - 151. Suppose 496 = -3*u - 275. Let z = -220 - u. Calculate the remainder when y is divided by z.
36
Suppose 3*k + 212 = 4*v, 5*k = 2*v + k - 96. Calculate the remainder when 608/(-56) + 10 + ((-6984)/7)/(-9) is divided by v.
54
Suppose -42*o - 318 = -2754. Calculate the remainder when 100 is divided by o.
42
Suppose -2*j + 235 = 3*j. Suppose s - 2192 = -4*w, 10*s - 555 = -w + 8*s. Let b = w - 541. Calculate the remainder when j is divided by b.
5
Let q(t) = 5*t**3 + 2*t**2 - 53*t + 91. Calculate the remainder when 197 is divided by q(2).
32
Suppose s + 3*s + 2*l = 290, 5*s = -5*l + 370. Let g = 335 + -372. Let w = g - -74. What is the remainder when s is divided by w?
34
Let c(z) = -2*z**2 - 26*z - 36. Let b be c(-11). What is the remainder when (-9)/12 + 1686/b is divided by 53?
51
Calculate the remainder when (9 - 17)*1/(-4)*19 is divided by 4.
2
Let g(q) = 2*q**3 - 59*q**2 + 36*q + 28. Suppose -174 = -5*r - r. Calculate the remainder when g(r) is divided by 6.
3
Let s be -223 + (-4)/5 + 4/(-20). Let f be 1/3*1 + s/(-48). Let c(v) = -v**3 + 4*v**2 + 9*v - 11. What is the remainder when c(f) is divided by 7?
2
Suppose -5*a - 8*a = -2*a. Suppose -19*y - 21 = b - 14*y, 4*y + 20 = a. Let r = -1 - -4. Calculate the remainder when b is divided by r.
1
Suppose 0 = -4*b - 0*b + 152. Suppose -11*q + 3*c = -352, 5*c - 128 = 19*q - 23*q. Calculate the remainder when b is divided by q.
6
Let q(u) = u**2 + 9*u + 15. Let y(h) = -h**2 - 7*h + 16. Let m be y(3). Calculate the remainder when q(m) is divided by 22.
19
Let x(q) = -q**2 - 10*q - 23. Let p be x(-10). Let g(t) = -t - 5. Let k be g(p). Calculate the remainder when (-3)/k + 1299/18 is divided by 19.
15
Suppose 3*w + 960 = -3*d, 2*w - 1564 = 5*d - 2*w. Let h = 328 + d. Calculate the remainder when 45 is divided by h.
9
Let c = 50 - 48. Suppose 7*n = c*n + 245. Suppose 0*u + u = 18. What is the remainder when n is divided by u?
13
Let x = -6 + 14. Calculate the remainder when (4/(-16))/(26/(-208)) + 1*63 is divided by x.
1
Let r = -13 - -17. Suppose -2*k - 2*u - 9 = -5*k, -2*u = -r*k + 12. Suppose -5 = 5*s, -k*y - 2*s + 202 = -0*y. What is the remainder when y is divided by 10?
8
Let o be (20/6)/(40/60). Suppose 5*n = -o*x + 50, x + 2*x + 30 = 2*n. Let c = -19 + 42. What is the remainder when c is divided by n?
11
Suppose v - 103 = -8. Let g = -16 + v. Suppose 5*t - 181 = g. Calculate the remainder when t is divided by 27.
25
Calculate the remainder when 356 is divided by (13 + -55)*(-35)/14.
41
Let u = 720 + -73. Let s = -644 + u. Calculate the remainder when 42 is divided by s.
0
What is the remainder when 598 is divided by 7 + 218/1*(-9 - (-322)/28)?
46
Let r = -211 + 222. Let z = -3 + r. Calculate the remainder when 101 is divided by z.
5
Suppose 13*k - 6*k = 0. What is the remainder when (k + (6 - -326))/2 is divided by 21?
19
What is the remainder when 485 is divided by ((-17)/1)/(278/(-1390))?
60
Suppose 3346 = 3*j - 5*d, 88*j = 83*j + 3*d + 5534. Calculate the remainder when j is divided by 210.
52
Let q(l) = 252*l - 2332. Calculate the remainder when q(13) is divided by 36.
8
Let u(d) = -d**2 - 99*d + 990. Let l(k) = k**2 + 21. What is the remainder when l(0) is divided by u(9)?
3
Let v(n) = -15 + 1 - 14 + 12*n + 2*n**2. Calculate the remainder when v(-12) is divided by 15.
11
Let x(p) = 357*p**3 - p**2 + p. What is the remainder when x(1) is divided by 72?
69
Suppose -2*g - 12 + 2 = 0. Suppose -3*y + 50 = 29*x - 28*x, 0 = -y - 4*x + 24. What is the remainder when (-666)/(-15) + 2/g is divided by y?
12
Suppose -c = 5*c + 540. Let i = c + 96. Suppose 2*n = i, 4*n - 44 = 5*d - 197. What is the remainder when 97 is divided by d?
31
Suppose q - 165 = -2*q. Suppose 19*c + 1769 + 1214 = 0. Let l = c - -186. Calculate the remainder when q is divided by l.
26
Let v(u) be the second derivative of u**4/6 - u**3/6 - u**2 - 42*u. Calculate the remainder when 18 is divided by v(2).
2
Let x = -61 - -64. Let o = x + -3. Suppose o = 4*s - 388 - 8. Calculate the remainder when s is divided by 50.
49
Let s(g) = -g**2 - 19*g + 223. Calculate the remainder when s(-25) is divided by -26*(4 - 22/4).
34
Let a be (2/(-6))/(1/3). Calculate the remainder when 2 - 1 - a*28 is divided by (2 - (70/(-25) + 4))/((-9)/(-45)).
1
Let w(j) = 4*j**2 + 70*j - 68. Let x